.
5, 7, 227
Let f = -33341 - -53525. What are the prime factors of f?
2, 3, 29
Suppose -f + 28 - 25 = 0. Suppose 7*u = f*u - 4*i + 60, 3*u + 2*i = 48. List the prime factors of u.
2, 3
Suppose -4*c + 80920 = -2*x, -4*x - 17037 = 3*c - 77771. List the prime factors of c.
2, 67, 151
Suppose 3*f + 5*t = 1353, 2*f + 184 - 1086 = 2*t. Let i = 843 - f. List the prime factors of i.
2, 7
List the prime factors of (18/(-12))/(14/(-4)) - 1882274/(-322).
2, 37, 79
Suppose 2*h - 555 = 259. List the prime factors of 217412/h - (-4)/(-22).
2, 3, 89
Let t be (-2 + (-48)/(-15))/((-6)/15). Let y be t/1*(-6)/(-36)*-130. Suppose 5*f - y = -0. List the prime factors of f.
13
Suppose 3*z + x = 29, -11*x + 54 = 5*z - 15*x. Suppose -z*u + 18*u - 3272 = 0. What are the prime factors of u?
409
Suppose -13*m = -10881 - 5564. Suppose -2*s = 3*s + m. Let n = 428 + s. What are the prime factors of n?
5, 7
Let f(r) = -148*r**3 - 3*r**2 - 10*r - 62. What are the prime factors of f(-5)?
18413
Let o(z) = z**3 + 2*z + 17. Let v be o(0). Let d = v - 17. Suppose 2*q - 74 - 108 = d. List the prime factors of q.
7, 13
Let g(d) = -4*d - 116. Let i be g(-11). List the prime factors of (-6)/i*6702 + (-1)/2.
2, 3, 31
Let u be 4/12 + (-2328)/(-9). Suppose 257*c + 642 = u*c. List the prime factors of c.
3, 107
Suppose -4*k = 2*b + 12, 4*b + 12 - 38 = 2*k. Suppose 0 = 4*u - t + 201, -u = -4*u - b*t - 127. Let l = -5 - u. What are the prime factors of l?
2, 11
Let j = 6 + -5. Suppose p - 3 = 1, -j = o + 3*p. What are the prime factors of (-5 + 4)/(1/o)?
13
Let a = 12486 - 3617. List the prime factors of a.
7, 181
Suppose 0 = 129*n + 19*n + 321116 - 2120056. List the prime factors of n.
5, 11, 13, 17
Let n(a) = 20*a**2 - 57*a**2 - 1 + 109*a**2 + 105*a**2 + a. Let s be n(1). Let k = s - 89. What are the prime factors of k?
2, 11
Suppose g = t + 16984, 880*g = 879*g + 3*t + 16986. List the prime factors of g.
3, 17, 37
Let u = -16548 + 16539. Let r(p) = 4*p**2 + 2*p**2 - 3*p**2 + 5*p - 3. What are the prime factors of r(u)?
3, 5, 13
Suppose 3*g + 76 = -2*k + g, 5*k - g = -184. Let f = k + 66. What are the prime factors of f?
29
Let q be (1 - 10) + (2*-2)/(-4). Let o be 4233/(-4) - q/32. What are the prime factors of o/(-14) + (-8)/14?
3, 5
Suppose 218*t = 228*t - 8810. Suppose -3*o = 3*y - 2*o - t, 3*o - 873 = -3*y. List the prime factors of y.
5, 59
List the prime factors of 5 - ((-145278)/(-3))/(-6).
2, 3, 673
List the prime factors of 33698 - -205 - (0 + -1).
2, 13, 163
Suppose 5*b + 30 = 5*a, -5*a - b = -5*b - 28. Suppose 5*k - 675 = s - 247, 0 = -a*s - 12. What are the prime factors of k?
5, 17
Let q = -222 - -516. Let w = 1499 - q. List the prime factors of w.
5, 241
Suppose 5*z + 65 - 355 = 0. Let l = -868 + 853. Let f = l + z. What are the prime factors of f?
43
Let m(a) = -a**3 - a**2 + 24*a - 138. List the prime factors of m(-19).
2, 3, 41
Let g be (8 - (-119)/(-7))/(-1). What are the prime factors of (-984)/g*168/(-16)?
2, 7, 41
Let t(k) = 24*k**2 + k + 1. Let s be t(-1). Suppose -s*i + 3*i = -777. What are the prime factors of i?
37
Let y be 4/(-10) - (-17)/5. Let f(c) = c**2 + 4*c - 17. Let b be f(-8). Suppose -5*z = -r + b, -2*r - 9 = -y*r - z. List the prime factors of r.
2, 5
Let i = -115 + 142. Suppose 33*j - i*j - 702 = 0. What are the prime factors of j?
3, 13
Let l(y) = -3*y**2 + 59*y - 152. Let n(t) = -2*t**2 + 39*t - 101. Let a(r) = 5*l(r) - 7*n(r). What are the prime factors of a(11)?
2, 17
Let b(m) = 2*m + 6. Let c be b(-5). Let a(u) = 75*u + 1150. Let f be a(-15). Let k = f + c. List the prime factors of k.
3, 7
Suppose 0 = -q - 5*x + 28, -x - 110 = -3*q - 3*x. Let n = -34 + q. Suppose -n*s = -2*b - 0*s + 56, -2*s + 44 = b. What are the prime factors of b?
2, 3
Let d = 10325 - 4916. List the prime factors of d.
3, 601
Let t(m) = -23*m + 5 - 48*m - 58*m + 37*m - 2*m**2 - 3*m**2. List the prime factors of t(-5).
2, 5, 17
Let j(f) = -2*f + 20. Let r be j(10). Suppose r = -y - 28 + 27. Let t(s) = -31*s**3 + s**2 - s - 1. List the prime factors of t(y).
2
Suppose o - 7460 = -2*w, -w + 3745 = 120*o - 117*o. What are the prime factors of w?
3727
Let q(a) = -2*a - 2. Let g be q(-3). Let y be (23/(207/6))/(4/24). Suppose -g*p - 5*b + 87 = 0, -y*p + p - 5*b + 59 = 0. What are the prime factors of p?
2, 7
Let j = -151 + 312. Let a = j - 132. What are the prime factors of a?
29
Suppose -5*s - d + 204 = -280, -2*s = 2*d - 192. Let m = s - 65. What are the prime factors of ((-408)/m)/((-1)/20)?
3, 5, 17
Let g(z) = z**2 + z - 8. Let d be g(-4). Suppose -u = -2*p - 15, -3*u - 5*p + 38 = -d*p. Suppose -u*t + 1134 = -699. What are the prime factors of t?
3, 47
Let j(a) = a - 14. Let n be j(14). Suppose 0 = -n*w + 7*w - 21. Let x(t) = 7*t**2 - t + 10. What are the prime factors of x(w)?
2, 5, 7
Let p be 68/14 + (-12)/(-84). Suppose p*t = 4*t - 3*v + 6, 4*t = 2*v + 24. List the prime factors of 72 + 1 + 1/(-3)*t.
71
Suppose 2487*m - 2562*m = -786600. What are the prime factors of m?
2, 3, 19, 23
Suppose 3*s + 27 = 3*q - 0*q, 2*q = -s + 6. Suppose -q*m = -3*m - 8. Suppose 3*i - 362 = 4*y - 5*y, 4*i - m*y - 456 = 0. What are the prime factors of i?
7, 17
Let k(x) = -4*x**3 - 11*x + 14 + 3*x**3 - 24 + 16*x**2 + 13. Let a be k(16). Let z = -9 - a. What are the prime factors of z?
2, 41
Let b(k) = k**3 + 15*k**2 + 19*k + 58. Let z be b(-15). Let p = 566 + z. What are the prime factors of p?
3, 113
Suppose z - 8*d - 19049 = 0, -9*d = -2*z - 4*d + 38142. What are the prime factors of z?
19081
Let z(b) = -b - 70*b**3 + 0*b + 1 + 37*b**3 - 2*b**2 + 34*b**3. Let w be z(0). List the prime factors of 18 + -14 - (-68)/w.
2, 3
Suppose l + 3*g - 37 = -0*g, 3*l - 75 = 3*g. Let t(j) = -j**2 + 30*j + 61. Let b be t(l). Let f = b - 86. What are the prime factors of f?
31
Suppose -2*a = 8*a - 17*a + 55454. List the prime factors of a.
2, 17, 233
Let o(n) = -4*n**3 + 145*n**2 - 6*n + 65. List the prime factors of o(33).
2, 1753
Let q be (-9061)/(-10) - 13/130. Suppose 2*t + q = 1494. List the prime factors of t.
2, 3, 7
Suppose -34688 = -2*k - f, 22*k + f - 17341 = 21*k. What are the prime factors of k?
11, 19, 83
Suppose -523 = -2*f - 1555. Let p = -236 - f. Suppose -2*i - p = -6*i. List the prime factors of i.
2, 5, 7
Suppose 0 = 2*j - 5*w - 26, 0*w + 3*w = -3*j - 3. Let k(q) = -4*q**3 - 3 - 3*q**2 - 2 + j + 5*q**3 - 7*q. List the prime factors of k(6).
2
Suppose 68*w - 259747 - 1737375 = -58918. List the prime factors of w.
3, 3167
Suppose -118 = 2*u - 132. Suppose -u*c + 2449 = 804. List the prime factors of c.
5, 47
Suppose 52 = -55*k + 42*k. What are the prime factors of (k - 5) + 4 - -49?
2, 11
Suppose -3*j - 4*l = -42200, -4*l + 39853 - 11721 = 2*j. What are the prime factors of j?
2, 3517
Suppose 9*o - 102 = 276. Let i(x) = 5*x**2 + 9*x - 4*x + o - 47. List the prime factors of i(-6).
5, 29
Suppose 0 = -63*f + 20*f + 74433. List the prime factors of f.
3, 577
What are the prime factors of (-21 + 20)/((-3)/5283)?
3, 587
Suppose -10*o - 8581 = 5579. Let k be (o/18)/((-1)/3). Suppose 91 - k = -5*j. List the prime factors of j.
29
Let h(n) = n**3 - 11*n**2 - 9*n - 5. Suppose -6*q + 12*q = 72. Let m be h(q). Let z = m - 11. List the prime factors of z.
2, 5
Let u(o) = -63*o**3 - o**2 - 2*o. Let b be u(-1). Let k(a) = -9*a + b + 55 - 133. What are the prime factors of k(-7)?
7
Suppose 3*r = 5*h - r - 1945, -2*h = -3*r - 778. Let o = 708 - h. List the prime factors of o.
11, 29
Suppose -24*d + 311 = -104521. What are the prime factors of d?
2, 3, 7, 13
Let n = -474 - -478. Suppose 5*k + n*h - 3684 = 0, 5*k - 5460 + 1768 = -2*h. List the prime factors of k.
2, 5, 37
Let r(n) = 6*n**2 + 8*n - 30. Let w(l) = -l**2. Let x(v) = r(v) + 5*w(v). Let u be x(-11). List the prime factors of ((-4 + u)*-2)/(4/592).
2, 37
Let s be (12/10 - 0)*-70. Suppose 127*j = 128*j + 155. Let a = s - j. List the prime factors of a.
71
Let l(b) be the third derivative of b**5/60 + 11*b**4/8 - 6*b**3 + 18*b**2. What are the prime factors of l(16)?
2, 11, 17
Suppose -3*f - m + 4*m + 462 = 0, 5*f - 777 = -2*m. Suppose -f*c + 158*c = 1449. List the prime factors of c.
3, 7, 23
Let x(s) = 2*s**3 - 19*s**2 + 11*s - 5. Let u be x(9). Suppose -157 + u = -6*h. Suppose f = -2*i + 12 + 6, -4*i + h = -f. What are the prime factors of i?
7
